{"id":54,"date":"2013-01-28T22:34:28","date_gmt":"2013-01-28T21:34:28","guid":{"rendered":"http:\/\/orthopaedie-kulmbach.de\/?page_id=54"},"modified":"2014-03-16T17:51:35","modified_gmt":"2014-03-16T16:51:35","slug":"sonstiges","status":"publish","type":"page","link":"http:\/\/orthopaedie-kulmbach.de\/?page_id=54","title":{"rendered":"Sonstiges"},"content":{"rendered":"<h1 class=\"entry-title\"><span style=\"font-size: 16px; font-family: arial,helvetica,sans-serif;\">IGel \u2013 Individuelle Gesundheitsleistungen<br \/>\nNat\u00fcrliche Verfahren<\/span><\/h1>\n<header class=\"entry-header\"><\/header>\n<ul>\n<li><span style=\"color: #333333;\">Schmerztherapie<\/span><\/li>\n<li><span style=\"color: #333333;\">L\u00f6sen von Verspannungen<\/span><\/li>\n<li><span style=\"color: #333333;\"><span style=\"color: #33cccc;\">Knorpelschutz<\/span> der Gelenke<\/span><\/li>\n<li><span style=\"color: #333333;\">Knochenaufbau bei <span style=\"color: #33cccc;\">Osteoporose<\/span>, leitliniengerecht <\/span>(s.a. unter Institut)<\/li>\n<li><span style=\"color: #333333;\">Rheumaerkrankungen<\/span><\/li>\n<li>Infektionen und andere entz\u00fcndliche Erkrankungen<\/li>\n<li>Sehnen und Gelenkbeschwerden<\/li>\n<\/ul>\n<p style=\"text-align: justify;\"><span style=\"font-size: 16px;\"><strong>Institut \u201cDoc \u00c4pple\u201d<\/strong><\/span><br \/>\n<span style=\"font-family: arial,helvetica,sans-serif;\"><span style=\"font-size: 14px;\">Es sind sorgf\u00e4ltig ausgew\u00e4hlte Pr\u00e4parate zu den Krankeitsbildern \u201cArthrose\u201d (Knorpersch\u00e4digung) und \u201cOsteoporose\u201d (Knochenschwund) erh\u00e4ltlich. Sie entsprechen den vorhandenen Leitlinien, sind wissenschaftlich gut belegt und haben ein vern\u00fcnftiges Kosten \u2013 Nutzen Verh\u00e4ltnis.<\/span><\/span><\/p>\n<p style=\"text-align: justify;\"><strong><span style=\"font-family: arial,helvetica,sans-serif; font-size: 16px;\">Gesundheitspolitik und Wissenschaft<\/span><\/strong><br \/>\n<span style=\"font-size: 14px;\">Hier finden Sie interessante aber auch kritische Artikel und Fakten. Sehr bedenklich ist aus meiner Sicht die zunehmende Kommerzialisierung des Gesundheitssystems.<\/span><\/p>\n","protected":false},"excerpt":{"rendered":"<p>IGel \u2013 Individuelle Gesundheitsleistungen Nat\u00fcrliche Verfahren Schmerztherapie L\u00f6sen von Verspannungen Knorpelschutz der Gelenke Knochenaufbau bei Osteoporose, leitliniengerecht (s.a. unter Institut) Rheumaerkrankungen Infektionen und andere entz\u00fcndliche Erkrankungen Sehnen und Gelenkbeschwerden Institut \u201cDoc \u00c4pple\u201d Es sind sorgf\u00e4ltig ausgew\u00e4hlte Pr\u00e4parate zu den Krankeitsbildern &hellip; <a href=\"http:\/\/orthopaedie-kulmbach.de\/?page_id=54\">Weiterlesen <span class=\"meta-nav\">&rarr;<\/span><\/a><\/p>\n","protected":false},"author":1,"featured_media":0,"parent":0,"menu_order":0,"comment_status":"closed","ping_status":"open","template":"","meta":[],"_links":{"self":[{"href":"http:\/\/orthopaedie-kulmbach.de\/index.php?rest_route=\/wp\/v2\/pages\/54"}],"collection":[{"href":"http:\/\/orthopaedie-kulmbach.de\/index.php?rest_route=\/wp\/v2\/pages"}],"about":[{"href":"http:\/\/orthopaedie-kulmbach.de\/index.php?rest_route=\/wp\/v2\/types\/page"}],"author":[{"embeddable":true,"href":"http:\/\/orthopaedie-kulmbach.de\/index.php?rest_route=\/wp\/v2\/users\/1"}],"replies":[{"embeddable":true,"href":"http:\/\/orthopaedie-kulmbach.de\/index.php?rest_route=%2Fwp%2Fv2%2Fcomments&post=54"}],"version-history":[{"count":19,"href":"http:\/\/orthopaedie-kulmbach.de\/index.php?rest_route=\/wp\/v2\/pages\/54\/revisions"}],"predecessor-version":[{"id":1040,"href":"http:\/\/orthopaedie-kulmbach.de\/index.php?rest_route=\/wp\/v2\/pages\/54\/revisions\/1040"}],"wp:attachment":[{"href":"http:\/\/orthopaedie-kulmbach.de\/index.php?rest_route=%2Fwp%2Fv2%2Fmedia&parent=54"}],"curies":[{"name":"wp","href":"https:\/\/api.w.org\/{rel}","templated":true}]}}