{"id":51,"date":"2013-01-28T22:34:12","date_gmt":"2013-01-28T21:34:12","guid":{"rendered":"http:\/\/orthopaedie-kulmbach.de\/?page_id=51"},"modified":"2018-08-14T17:35:46","modified_gmt":"2018-08-14T15:35:46","slug":"wo-finden-sie-uns","status":"publish","type":"page","link":"http:\/\/orthopaedie-kulmbach.de\/?page_id=51","title":{"rendered":"Wo finden Sie uns"},"content":{"rendered":"<p style=\"text-align: justify;\">Die Praxis liegt zentral in Kulmbach direkt am Holzmarkt im Herzen der Stadt. Sie finden uns im ersten Stock eines historisch markanten Geb\u00e4udes mit gro\u00dfer <span style=\"color: #008080;\">Fachwerkfassade<\/span> (siehe Foto oben links). Die Adresse lautet:<\/p>\n<p style=\"text-align: justify;\">Dr. med. Ralph J\u00f6rg Aman<br \/>\nHolzmarkt 10<br \/>\n95326 Kulmbach<\/p>\n<p style=\"text-align: justify;\">Der Praxiseingang ist nur \u00fcber die<span style=\"color: #008080;\"> Basteigasse<\/span> an der R\u00fcckseite des Fachwerkgeb\u00e4udes zu erreichen.<br \/>\n<span style=\"color: #008080;\">Parken<\/span> k\u00f6nnen Sie bequem z.B. im nur wenige Meter entfernten &#8222;Parkhaus Basteigasse&#8220;. Ein <span style=\"color: #008080;\">Behindertenparkplatz<\/span> steht Ihnen direkt vor unserer Praxist\u00fcre zur Verf\u00fcgung. Ein Taxistand und eine Haltestelle f\u00fcr mehrere <span style=\"color: #008080;\">Stadtbuslinien<\/span> befinden sich direkt vor dem Praxisgeb\u00e4ude am Holzmarkt. Der <span style=\"color: #008080;\">Bahnhof<\/span> und der gro\u00dfe <span style=\"color: #008080;\">Busbahnhof<\/span> sind etwa 500 Meter entfernt.<\/p>\n<p style=\"text-align: justify;\">Praxiszugang und unsere R\u00e4umlichkeiten sind selbstverst\u00e4ndlich <span style=\"color: #008080;\">komplett<\/span> <span style=\"color: #008080;\">barrierefrei<\/span>. Ein Fahrstuhl ist vorhanden.<\/p>\n","protected":false},"excerpt":{"rendered":"<p>Die Praxis liegt zentral in Kulmbach direkt am Holzmarkt im Herzen der Stadt. Sie finden uns im ersten Stock eines historisch markanten Geb\u00e4udes mit gro\u00dfer Fachwerkfassade (siehe Foto oben links). Die Adresse lautet: Dr. med. Ralph J\u00f6rg Aman Holzmarkt 10 &hellip; <a href=\"http:\/\/orthopaedie-kulmbach.de\/?page_id=51\">Weiterlesen <span class=\"meta-nav\">&rarr;<\/span><\/a><\/p>\n","protected":false},"author":1,"featured_media":0,"parent":0,"menu_order":0,"comment_status":"closed","ping_status":"open","template":"","meta":[],"_links":{"self":[{"href":"http:\/\/orthopaedie-kulmbach.de\/index.php?rest_route=\/wp\/v2\/pages\/51"}],"collection":[{"href":"http:\/\/orthopaedie-kulmbach.de\/index.php?rest_route=\/wp\/v2\/pages"}],"about":[{"href":"http:\/\/orthopaedie-kulmbach.de\/index.php?rest_route=\/wp\/v2\/types\/page"}],"author":[{"embeddable":true,"href":"http:\/\/orthopaedie-kulmbach.de\/index.php?rest_route=\/wp\/v2\/users\/1"}],"replies":[{"embeddable":true,"href":"http:\/\/orthopaedie-kulmbach.de\/index.php?rest_route=%2Fwp%2Fv2%2Fcomments&post=51"}],"version-history":[{"count":21,"href":"http:\/\/orthopaedie-kulmbach.de\/index.php?rest_route=\/wp\/v2\/pages\/51\/revisions"}],"predecessor-version":[{"id":1260,"href":"http:\/\/orthopaedie-kulmbach.de\/index.php?rest_route=\/wp\/v2\/pages\/51\/revisions\/1260"}],"wp:attachment":[{"href":"http:\/\/orthopaedie-kulmbach.de\/index.php?rest_route=%2Fwp%2Fv2%2Fmedia&parent=51"}],"curies":[{"name":"wp","href":"https:\/\/api.w.org\/{rel}","templated":true}]}}