{"id":47,"date":"2013-01-28T22:33:11","date_gmt":"2013-01-28T21:33:11","guid":{"rendered":"http:\/\/orthopaedie-kulmbach.de\/?page_id=47"},"modified":"2021-01-13T22:45:33","modified_gmt":"2021-01-13T21:45:33","slug":"philosophie","status":"publish","type":"page","link":"http:\/\/orthopaedie-kulmbach.de\/?page_id=47","title":{"rendered":"Philosophie"},"content":{"rendered":"<p style=\"text-align: justify;\">Es handelt sich um eine Einzelpraxis in der Sie ausschlie\u00dflich von mir pers\u00f6nlich betreut werden. Das bedeutet f\u00fcr Sie:<br \/>\nKeine wechselnden \u00c4rzte, <span style=\"color: #008080;\">garantierter Facharztstandard<\/span>, <span style=\"color: #008080;\">individuelle<\/span>, klassische Versorgung, ma\u00dfgeschneidert, statt \u201eFlie\u00dfbandmedizin\u201c.<\/p>\n<p style=\"text-align: justify;\"><span style=\"color: #ff6600;\"><span style=\"color: #000000;\">Vor dem Hintergrund langj\u00e4hriger Erfahrungen im operativen Sektor bietet Ihnen meine Praxis e<\/span><span style=\"color: #008080;\"><span style=\"color: #000000;\">in<\/span> gro\u00dfes Spektrum an sogenannten konservativen also nichtoperativen, modernen aber auch traditionellen Behandlungen. <span style=\"color: #000000;\">Gemeinsam besprechen wir Ihre Befunde und beschlie\u00dfen den f\u00fcr Ihre Situation passenden Behandlungsplan.<\/span><br \/>\n<\/span><\/span><\/p>\n<p style=\"text-align: justify;\">Wir bem\u00fchen uns um kurze Wartezeiten, sowohl zur Terminvergabe, als auch f\u00fcr Ihre Zeit im Wartezimmer. Da wir auch <span style=\"color: #008080;\">Notf\u00e4lle <\/span>behandeln (Unf\u00e4lle, &#8222;Hexenschu\u00df&#8220;, akute Gelenkentz\u00fcndungen etc.) und Praxisvertretungen \u00fcbernehmen &#8211; die Patienten kommen hier in der Regel ohne Termin &#8211; kann es zu Wartezeiten kommen. Wir bitten um Ihr Verst\u00e4ndnis.<\/p>\n<p style=\"text-align: justify;\">Sollten \u00dcberweisungen f\u00fcr <span style=\"color: #008080;\">Zusatzuntersuchungen, <span style=\"color: #333333;\">die nicht in meiner Praxis durchgef\u00fchrt<\/span> <span style=\"color: #333333;\">werden <\/span><\/span>(z.B. Kernspintomographie, Neurologie, Rheumatologie) erforderlich sein, berate ich Sie gerne. Auch bei der Auswahl einer eventuell notwendigen ambulanten oder station\u00e4ren Einrichtung zur Weiter- oder Mitbehandlung helfe ich Ihnen gerne. Ich stehe in engem Kontakt mit f\u00fchrenden Fachkliniken im gesamtdeutschen Raum.<\/p>\n<p style=\"text-align: justify;\">Andererseits wird meine Praxis zu 100 % frei und unabh\u00e4ngig gef\u00fchrt. Es bestehen <span style=\"color: #008080;\">keine finanziellen Verflechtungen<\/span> zu medizinischen Versorgungszentren und \/ oder deren angeschlossene operative Abteilungen, zu station\u00e4ren Einrichtungen (Reha-Einrichtungen, Fachkliniken), oder sonstigen Leistungsbringern im Gesundheitssystem. Sie k\u00f6nnen sich einer Beratung &#8222;nach bestem Wissen und Gewissen&#8220; sicher sein.<\/p>\n<p style=\"text-align: justify;\">Selbstverst\u00e4ndlich stehen Ihnen s\u00e4mtliche in meiner Praxis erhobenen Befunde, R\u00f6ntgenbilder, Sonografieaufnahmen etc. zur Einsichtnahme durch Kollegen oder zur Einholung von Zweitmeinungen zur Verf\u00fcgung.<\/p>\n<blockquote>\n<p style=\"text-align: right;\">\u201eDer Gesunde hat viele W\u00fcnsche, der Kranke nur einen\u201c <span style=\"font-size: 12px;\">(Sprichwort)<\/span><\/p>\n<\/blockquote>\n","protected":false},"excerpt":{"rendered":"<p>Es handelt sich um eine Einzelpraxis in der Sie ausschlie\u00dflich von mir pers\u00f6nlich betreut werden. Das bedeutet f\u00fcr Sie: Keine wechselnden \u00c4rzte, garantierter Facharztstandard, individuelle, klassische Versorgung, ma\u00dfgeschneidert, statt \u201eFlie\u00dfbandmedizin\u201c. Vor dem Hintergrund langj\u00e4hriger Erfahrungen im operativen Sektor bietet Ihnen &hellip; <a href=\"http:\/\/orthopaedie-kulmbach.de\/?page_id=47\">Weiterlesen <span class=\"meta-nav\">&rarr;<\/span><\/a><\/p>\n","protected":false},"author":1,"featured_media":1143,"parent":0,"menu_order":0,"comment_status":"closed","ping_status":"open","template":"","meta":[],"_links":{"self":[{"href":"http:\/\/orthopaedie-kulmbach.de\/index.php?rest_route=\/wp\/v2\/pages\/47"}],"collection":[{"href":"http:\/\/orthopaedie-kulmbach.de\/index.php?rest_route=\/wp\/v2\/pages"}],"about":[{"href":"http:\/\/orthopaedie-kulmbach.de\/index.php?rest_route=\/wp\/v2\/types\/page"}],"author":[{"embeddable":true,"href":"http:\/\/orthopaedie-kulmbach.de\/index.php?rest_route=\/wp\/v2\/users\/1"}],"replies":[{"embeddable":true,"href":"http:\/\/orthopaedie-kulmbach.de\/index.php?rest_route=%2Fwp%2Fv2%2Fcomments&post=47"}],"version-history":[{"count":21,"href":"http:\/\/orthopaedie-kulmbach.de\/index.php?rest_route=\/wp\/v2\/pages\/47\/revisions"}],"predecessor-version":[{"id":1299,"href":"http:\/\/orthopaedie-kulmbach.de\/index.php?rest_route=\/wp\/v2\/pages\/47\/revisions\/1299"}],"wp:featuredmedia":[{"embeddable":true,"href":"http:\/\/orthopaedie-kulmbach.de\/index.php?rest_route=\/wp\/v2\/media\/1143"}],"wp:attachment":[{"href":"http:\/\/orthopaedie-kulmbach.de\/index.php?rest_route=%2Fwp%2Fv2%2Fmedia&parent=47"}],"curies":[{"name":"wp","href":"https:\/\/api.w.org\/{rel}","templated":true}]}}

<p style="text-align: justify;">Es handelt sich um eine Einzelpraxis in der Sie ausschließlich von mir persönlich betreut werden. Das bedeutet für Sie:<br />
Keine wechselnden Ärzte, <span style="color: #008080;">garantierter Facharztstandard</span>, <span style="color: #008080;">individuelle</span>, klassische Versorgung, maßgeschneidert, statt „Fließbandmedizin“.</p>
<p style="text-align: justify;"><span style="color: #ff6600;"><span style="color: #000000;">Vor dem Hintergrund langjähriger Erfahrungen im operativen Sektor bietet Ihnen meine Praxis e</span><span style="color: #008080;"><span style="color: #000000;">in</span> großes Spektrum an sogenannten konservativen also nichtoperativen, modernen aber auch traditionellen Behandlungen. <span style="color: #000000;">Gemeinsam besprechen wir Ihre Befunde und beschließen den für Ihre Situation passenden Behandlungsplan.</span><br />
</span></span></p>
<p style="text-align: justify;">Wir bemühen uns um kurze Wartezeiten, sowohl zur Terminvergabe, als auch für Ihre Zeit im Wartezimmer. Da wir auch <span style="color: #008080;">Notfälle </span>behandeln (Unfälle, &#8222;Hexenschuß&#8220;, akute Gelenkentzündungen etc.) und Praxisvertretungen übernehmen &#8211; die Patienten kommen hier in der Regel ohne Termin &#8211; kann es zu Wartezeiten kommen. Wir bitten um Ihr Verständnis.</p>
<p style="text-align: justify;">Sollten Überweisungen für <span style="color: #008080;">Zusatzuntersuchungen, <span style="color: #333333;">die nicht in meiner Praxis durchgeführt</span> <span style="color: #333333;">werden </span></span>(z.B. Kernspintomographie, Neurologie, Rheumatologie) erforderlich sein, berate ich Sie gerne. Auch bei der Auswahl einer eventuell notwendigen ambulanten oder stationären Einrichtung zur Weiter- oder Mitbehandlung helfe ich Ihnen gerne. Ich stehe in engem Kontakt mit führenden Fachkliniken im gesamtdeutschen Raum.</p>
<p style="text-align: justify;">Andererseits wird meine Praxis zu 100 % frei und unabhängig geführt. Es bestehen <span style="color: #008080;">keine finanziellen Verflechtungen</span> zu medizinischen Versorgungszentren und / oder deren angeschlossene operative Abteilungen, zu stationären Einrichtungen (Reha-Einrichtungen, Fachkliniken), oder sonstigen Leistungsbringern im Gesundheitssystem. Sie können sich einer Beratung &#8222;nach bestem Wissen und Gewissen&#8220; sicher sein.</p>
<p style="text-align: justify;">Selbstverständlich stehen Ihnen sämtliche in meiner Praxis erhobenen Befunde, Röntgenbilder, Sonografieaufnahmen etc. zur Einsichtnahme durch Kollegen oder zur Einholung von Zweitmeinungen zur Verfügung.</p>
<blockquote>
<p style="text-align: right;">„Der Gesunde hat viele Wünsche, der Kranke nur einen“ <span style="font-size: 12px;">(Sprichwort)</span></p>
</blockquote>

<p>Es handelt sich um eine Einzelpraxis in der Sie ausschließlich von mir persönlich betreut werden. Das bedeutet für Sie: Keine wechselnden Ärzte, garantierter Facharztstandard, individuelle, klassische Versorgung, maßgeschneidert, statt „Fließbandmedizin“. Vor dem Hintergrund langjähriger Erfahrungen im operativen Sektor bietet Ihnen &hellip; <a href="http://orthopaedie-kulmbach.de/?page_id=47">Weiterlesen <span class="meta-nav">&rarr;</span></a></p>
