{"id":44,"date":"2013-01-28T21:53:17","date_gmt":"2013-01-28T20:53:17","guid":{"rendered":"http:\/\/orthopaedie-kulmbach.de\/?page_id=44"},"modified":"2021-01-17T16:34:58","modified_gmt":"2021-01-17T15:34:58","slug":"impressum","status":"publish","type":"page","link":"http:\/\/orthopaedie-kulmbach.de\/?page_id=44","title":{"rendered":"Impressum"},"content":{"rendered":"<p><a href=\"http:\/\/www.orthopaedie-kulmbach.de\/\" target=\"_blank\" rel=\"noopener\">www.orthopaedie-kulmbach.de<\/a> ist das Internet-Angebot von Dr. med. Ralph-J\u00f6rg Aman. Das Internet-Angebot von Dr. med. Ralph J\u00f6rg Aman dient ausschliesslich der Patienteninformation.<\/p>\n<p><strong>Verantwortlich f\u00fcr die eigenen Inhalte:<\/strong><\/p>\n<p>Dr. med. Ralph-J\u00f6rg Aman<br \/>\nHolzmarkt 10, 95326 Kulmbach<br \/>\nFon: +49 9221 | 74 34 61<br \/>\nFax: +49 9221 | 87 81 2<br \/>\n<img decoding=\"async\" loading=\"lazy\" src=\"data:image\/jpeg;base64,\/9j\/4AAQSkZJRgABAQEAYABgAAD\/4RD0RXhpZgAATU0AKgAAAAgABAE7AAIAAAAOAAAISodpAAQAAAABAAAIWJydAAEAAAAcAAAQ0OocAAcAAAgMAAAAPgAAAAAc6gAAAAgAAAAAAAAAAAAAAAAAAAAAAAAAAAAAAAAAAAAAAAAAAAAAAAAAAAAAAAAAAAAAAAAAAAAAAAAAAAAAAAAAAAAAAAAAAAAAAAAAAAAAAAAAAAAAAAAAAAAAAAAAAAAAAAAAAAAAAAAAAAAAAAAAAAAAAAAAAAAAAAAAAAAAAAAAAAAAAAAAAAAAAAAAAAAAAAAAAAAAAAAAAAAAAAAAAAAAAAAAAAAAAAAAAAAAAAAAAAAAAAAAAAAAAAAAAAAAAAAAAAAAAAAAAAAAAAAAAAAAAAAAAAAAAAAAAAAAAAAAAAAAAAAAAAAAAAAAAAAAAAAAAAAAAAAAAAAAAAAAAAAAAAAAAAAAAAAAAAAAAAAAAAAAAAAAAAAAAAAAAAAAAAAAAAAAAAAAAAAAAAAAAAAAAAAAAAAAAAAAAAAAAAAAAAAAAAAAAAAAAAAAAAAAAAAAAAAAAAAAAAAAAAAAAAAAAAAAAAAAAAAAAAAAAAAAAAAAAAAAAAAAAAAAAAAAAAAAAAAAAAAAAAAAAAAAAAAAAAAAAAAAAAAAAAAAAAAAAAAAAAAAAAAAAAAAAAAAAAAAAAAAAAAAAAAAAAAAAAAAAAAAAAAAAAAAAAAAAAAAAAAAAAAAAAAAAAAAAAAAAAAAAAAAAAAAAAAAAAAAAAAAAAAAAAAAAAAAAAAAAAAAAAAAAAAAAAAAAAAAAAAAAAAAAAAAAAAAAAAAAAAAAAAAAAAAAAAAAAAAAAAAAAAAAAAAAAAAAAAAAAAAAAAAAAAAAAAAAAAAAAAAAAAAAAAAAAAAAAAAAAAAAAAAAAAAAAAAAAAAAAAAAAAAAAAAAAAAAAAAAAAAAAAAAAAAAAAAAAAAAAAAAAAAAAAAAAAAAAAAAAAAAAAAAAAAAAAAAAAAAAAAAAAAAAAAAAAAAAAAAAAAAAAAAAAAAAAAAAAAAAAAAAAAAAAAAAAAAAAAAAAAAAAAAAAAAAAAAAAAAAAAAAAAAAAAAAAAAAAAAAAAAAAAAAAAAAAAAAAAAAAAAAAAAAAAAAAAAAAAAAAAAAAAAAAAAAAAAAAAAAAAAAAAAAAAAAAAAAAAAAAAAAAAAAAAAAAAAAAAAAAAAAAAAAAAAAAAAAAAAAAAAAAAAAAAAAAAAAAAAAAAAAAAAAAAAAAAAAAAAAAAAAAAAAAAAAAAAAAAAAAAAAAAAAAAAAAAAAAAAAAAAAAAAAAAAAAAAAAAAAAAAAAAAAAAAAAAAAAAAAAAAAAAAAAAAAAAAAAAAAAAAAAAAAAAAAAAAAAAAAAAAAAAAAAAAAAAAAAAAAAAAAAAAAAAAAAAAAAAAAAAAAAAAAAAAAAAAAAAAAAAAAAAAAAAAAAAAAAAAAAAAAAAAAAAAAAAAAAAAAAAAAAAAAAAAAAAAAAAAAAAAAAAAAAAAAAAAAAAAAAAAAAAAAAAAAAAAAAAAAAAAAAAAAAAAAAAAAAAAAAAAAAAAAAAAAAAAAAAAAAAAAAAAAAAAAAAAAAAAAAAAAAAAAAAAAAAAAAAAAAAAAAAAAAAAAAAAAAAAAAAAAAAAAAAAAAAAAAAAAAAAAAAAAAAAAAAAAAAAAAAAAAAAAAAAAAAAAAAAAAAAAAAAAAAAAAAAAAAAAAAAAAAAAAAAAAAAAAAAAAAAAAAAAAAAAAAAAAAAAAAAAAAAAAAAAAAAAAAAAAAAAAAAAAAAAAAAAAAAAAAAAAAAAAAAAAAAAAAAAAAAAAAAAAAAAAAAAAAAAAAAAAAAAAAAAAAAAAAAAAAAAAAAAAAAAAAAAAAAAAAAAAAAAAAAAAAAAAAAAAAAAAAAAAAAAAAAAAAAAAAAAAAAAAAAAAAAAAAAAAAAAAAAAAAAAAAAAAAAAAAAAAAAAAAAAAAAAAAAAAAAAAAAAAAAAAAAAAAAAAAAAAAAAAAAAAAAAAAAAAAAAAAAAAAAAAAAAAAAAAAAAAAAAAAAAAAAAAAAAAAAAAAAAAAAAAAAAAAAAAAAAAAAAAAAAAAAAAAAAAAAAAAAAAAAAAAAAAAAAAAAAAAAAAAAAAAAAAAAAAAAAAAAAAAAAAAAAAAAAAAAAAAAAAAAAAAAAAAAAAAAAAAAAAAAAAAAAAAAAAAAAAAAAAAAAAAAAAAAAAAAAAAAAAAAAAAAAAAAAAAAAAAAAAAAAAAAAAAAAAAAAAAAAAAAAAAAAAAAAAAAAAAAAAAAAAAAAAAAAAAAAAAAAAAAAAAAAAAAAAAAAAAAAAAAAAAAAAAAAAAAAAAAAAAAAAAAAAAAAAAAAAAAAAAAAAAAAAAAAAAAAAAAAAAAAAAAAAAAAAAAAAAAAAAAAAAAAAAAAAAAAAAAAAAAAAAAAAAAAAAAAAAAAAAAAAAAAAAAAAAAAAAAAAAAAAAAAAAAAAAAAAAAAAAAAAAAAAAAAAAAAAAAAAAAAAAAAAAAAAAAAAAAAAAAAAAAAAAAAAAAAAAAAAAAAAAAAAAAAAAAAAAAAAAAAAAAAAAAAAAAAAAAAAAAAAAAAAAAAAAAAAAAAAAAAAAAAAAAAAAAAAAAAAAAAAAAAAAAAAAAAAAAAAAAAAAAAAAAAAAAAAAAAAAAAAAAAAAAAAAAAAAAAAAAAAAAAAAAAAAAAAAAAAAAAAAAAAAAAAAAAAAAAAAAAAAAAAAAAAAAAAAAAAAAAAAAAAAAAAAAAAAAAAAAAAAAAAAAAAAAAAAAAAAAAAAAAAAAAAAAAAAAAAAAAAAAAAAAAAAAAAAAAAAAAAAAAAAAG9saXZlci5mb3JzY2gAAAWQAwACAAAAFAAAEKaQBAACAAAAFAAAELqSkQACAAAAAzY2AACSkgACAAAAAzY2AADqHAAHAAAIDAAACJoAAAAAHOoAAAAIAAAAAAAAAAAAAAAAAAAAAAAAAAAAAAAAAAAAAAAAAAAAAAAAAAAAAAAAAAAAAAAAAAAAAAAAAAAAAAAAAAAAAAAAAAAAAAAAAAAAAAAAAAAAAAAAAAAAAAAAAAAAAAAAAAAAAAAAAAAAAAAAAAAAAAAAAAAAAAAAAAAAAAAAAAAAAAAAAAAAAAAAAAAAAAAAAAAAAAAAAAAAAAAAAAAAAAAAAAAAAAAAAAAAAAAAAAAAAAAAAAAAAAAAAAAAAAAAAAAAAAAAAAAAAAAAAAAAAAAAAAAAAAAAAAAAAAAAAAAAAAAAAAAAAAAAAAAAAAAAAAAAAAAAAAAAAAAAAAAAAAAAAAAAAAAAAAAAAAAAAAAAAAAAAAAAAAAAAAAAAAAAAAAAAAAAAAAAAAAAAAAAAAAAAAAAAAAAAAAAAAAAAAAAAAAAAAAAAAAAAAAAAAAAAAAAAAAAAAAAAAAAAAAAAAAAAAAAAAAAAAAAAAAAAAAAAAAAAAAAAAAAAAAAAAAAAAAAAAAAAAAAAAAAAAAAAAAAAAAAAAAAAAAAAAAAAAAAAAAAAAAAAAAAAAAAAAAAAAAAAAAAAAAAAAAAAAAAAAAAAAAAAAAAAAAAAAAAAAAAAAAAAAAAAAAAAAAAAAAAAAAAAAAAAAAAAAAAAAAAAAAAAAAAAAAAAAAAAAAAAAAAAAAAAAAAAAAAAAAAAAAAAAAAAAAAAAAAAAAAAAAAAAAAAAAAAAAAAAAAAAAAAAAAAAAAAAAAAAAAAAAAAAAAAAAAAAAAAAAAAAAAAAAAAAAAAAAAAAAAAAAAAAAAAAAAAAAAAAAAAAAAAAAAAAAAAAAAAAAAAAAAAAAAAAAAAAAAAAAAAAAAAAAAAAAAAAAAAAAAAAAAAAAAAAAAAAAAAAAAAAAAAAAAAAAAAAAAAAAAAAAAAAAAAAAAAAAAAAAAAAAAAAAAAAAAAAAAAAAAAAAAAAAAAAAAAAAAAAAAAAAAAAAAAAAAAAAAAAAAAAAAAAAAAAAAAAAAAAAAAAAAAAAAAAAAAAAAAAAAAAAAAAAAAAAAAAAAAAAAAAAAAAAAAAAAAAAAAAAAAAAAAAAAAAAAAAAAAAAAAAAAAAAAAAAAAAAAAAAAAAAAAAAAAAAAAAAAAAAAAAAAAAAAAAAAAAAAAAAAAAAAAAAAAAAAAAAAAAAAAAAAAAAAAAAAAAAAAAAAAAAAAAAAAAAAAAAAAAAAAAAAAAAAAAAAAAAAAAAAAAAAAAAAAAAAAAAAAAAAAAAAAAAAAAAAAAAAAAAAAAAAAAAAAAAAAAAAAAAAAAAAAAAAAAAAAAAAAAAAAAAAAAAAAAAAAAAAAAAAAAAAAAAAAAAAAAAAAAAAAAAAAAAAAAAAAAAAAAAAAAAAAAAAAAAAAAAAAAAAAAAAAAAAAAAAAAAAAAAAAAAAAAAAAAAAAAAAAAAAAAAAAAAAAAAAAAAAAAAAAAAAAAAAAAAAAAAAAAAAAAAAAAAAAAAAAAAAAAAAAAAAAAAAAAAAAAAAAAAAAAAAAAAAAAAAAAAAAAAAAAAAAAAAAAAAAAAAAAAAAAAAAAAAAAAAAAAAAAAAAAAAAAAAAAAAAAAAAAAAAAAAAAAAAAAAAAAAAAAAAAAAAAAAAAAAAAAAAAAAAAAAAAAAAAAAAAAAAAAAAAAAAAAAAAAAAAAAAAAAAAAAAAAAAAAAAAAAAAAAAAAAAAAAAAAAAAAAAAAAAAAAAAAAAAAAAAAAAAAAAAAAAAAAAAAAAAAAAAAAAAAAAAAAAAAAAAAAAAAAAAAAAAAAAAAAAAAAAAAAAAAAAAAAAAAAAAAAAAAAAAAAAAAAAAAAAAAAAAAAAAAAAAAAAAAAAAAAAAAAAAAAAAAAAAAAAAAAAAAAAAAAAAAAAAAAAAAAAAAAAAAAAAAAAAAAAAAAAAAAAAAAAAAAAAAAAAAAAAAAAAAAAAAAAAAAAAAAAAAAAAAAAAAAAAAAAAAAAAAAAAAAAAAAAAAAAAAAAAAAAAAAAAAAAAAAAAAAAAAAAAAAAAAAAAAAAAAAAAAAAAAAAAAAAAAAAAAAAAAAAAAAAAAAAAAAAAAAAAAAAAAAAAAAAAAAAAAAAAAAAAAAAAAAAAAAAAAAAAAAAAAAAAAAAAAAAAAAAAAAAAAAAAAAAAAAAAAAAAAAAAAAAAAAAAAAAAAAAAAAAAAAAAAAAAAAAAAAAAAAAAAAAAAAAAAAAAAAAAAAAAAAAAAAAAAAAAAAAAAAAAAAAAAAAAAAAAAAAAAAAAAAAAAAAAAAAAAAAAAAAAAAAAAAAAAAAAAAAAAAAAAAAAAAAAAAAAAAAAAAAAAAAAAAAAAAAAAAAAAAAAAAAAAAAAAAAAAAAAAAAAAAAAAAAAAAAAAAAAAAAAAAAAAAAAAAAAAAAAAAAAAAAAAAAAAAAAAAAAAAAAAAAAAAAAAAAAAAAAAAAAAAAAAAAAAAAAAAAAAAAAAAAAAAAAAAAAAAAAAAAAAAAAAAAAAAAAAAAAAAAAAAAAAAAAAAAAAAAAAAAAAAAAAAAAAAAAAAAAAAAAAAAAAAAAAAAAAAAAAAAAAAAAAAAAAAAAAAAAAAAAAAAAAAAAAAAAAAAAAAAAAAAAAAAAAAAAAAAAAAAAAAAAAAAAAAAAAAAAAAAAAAAAAAAAAAAAAAAAAAAAAAAAAAAAAAAAAAAAAAAAAAAAAAAAAAAAAAAAAAAAAAAAAAAAAAAAAAAAAAAAAAAAAAAAAAAAAAAAAyMDE0OjA5OjAzIDA4OjUzOjQ4ADIwMTQ6MDk6MDMgMDg6NTM6NDgAAABvAGwAaQB2AGUAcgAuAGYAbwByAHMAYwBoAAAA\/+ELIGh0dHA6Ly9ucy5hZG9iZS5jb20veGFwLzEuMC8APD94cGFja2V0IGJlZ2luPSfvu78nIGlkPSdXNU0wTXBDZWhpSHpyZVN6TlRjemtjOWQnPz4NCjx4OnhtcG1ldGEgeG1sbnM6eD0iYWRvYmU6bnM6bWV0YS8iPjxyZGY6UkRGIHhtbG5zOnJkZj0iaHR0cDovL3d3dy53My5vcmcvMTk5OS8wMi8yMi1yZGYtc3ludGF4LW5zIyI+PHJkZjpEZXNjcmlwdGlvbiByZGY6YWJvdXQ9InV1aWQ6ZmFmNWJkZDUtYmEzZC0xMWRhLWFkMzEtZDMzZDc1MTgyZjFiIiB4bWxuczpkYz0iaHR0cDovL3B1cmwub3JnL2RjL2VsZW1lbnRzLzEuMS8iLz48cmRmOkRlc2NyaXB0aW9uIHJkZjphYm91dD0idXVpZDpmYWY1YmRkNS1iYTNkLTExZGEtYWQzMS1kMzNkNzUxODJmMWIiIHhtbG5zOnhtcD0iaHR0cDovL25zLmFkb2JlLmNvbS94YXAvMS4wLyI+PHhtcDpDcmVhdGVEYXRlPjIwMTQtMDktMDNUMDg6NTM6NDguNjY0PC94bXA6Q3JlYXRlRGF0ZT48L3JkZjpEZXNjcmlwdGlvbj48cmRmOkRlc2NyaXB0aW9uIHJkZjphYm91dD0idXVpZDpmYWY1YmRkNS1iYTNkLTExZGEtYWQzMS1kMzNkNzUxODJmMWIiIHhtbG5zOmRjPSJodHRwOi8vcHVybC5vcmcvZGMvZWxlbWVudHMvMS4xLyI+PGRjOmNyZWF0b3I+PHJkZjpTZXEgeG1sbnM6cmRmPSJodHRwOi8vd3d3LnczLm9yZy8xOTk5LzAyLzIyLXJkZi1zeW50YXgtbnMjIj48cmRmOmxpPm9saXZlci5mb3JzY2g8L3JkZjpsaT48L3JkZjpTZXE+DQoJCQk8L2RjOmNyZWF0b3I+PC9yZGY6RGVzY3JpcHRpb24+PC9yZGY6UkRGPjwveDp4bXBtZXRhPg0KICAgICAgICAgICAgICAgICAgICAgICAgICAgICAgICAgICAgICAgICAgICAgICAgICAgICAgICAgICAgICAgICAgICAgICAgICAgICAgICAgICAgICAgICAgICAgICAgICAgIAogICAgICAgICAgICAgICAgICAgICAgICAgICAgICAgICAgICAgICAgICAgICAgICAgICAgICAgICAgICAgICAgICAgICAgICAgICAgICAgICAgICAgICAgICAgICAgICAgICAgCiAgICAgICAgICAgICAgICAgICAgICAgICAgICAgICAgICAgICAgICAgICAgICAgICAgICAgICAgICAgICAgICAgICAgICAgICAgICAgICAgICAgICAgICAgICAgICAgICAgICAKICAgICAgICAgICAgICAgICAgICAgICAgICAgICAgICAgICAgICAgICAgICAgICAgICAgICAgICAgICAgICAgICAgICAgICAgICAgICAgICAgICAgICAgICAgICAgICAgICAgIAogICAgICAgICAgICAgICAgICAgICAgICAgICAgICAgICAgICAgICAgICAgICAgICAgICAgICAgICAgICAgICAgICAgICAgICAgICAgICAgICAgICAgICAgICAgICAgICAgICAgCiAgICAgICAgICAgICAgICAgICAgICAgICAgICAgICAgICAgICAgICAgICAgICAgICAgICAgICAgICAgICAgICAgICAgICAgICAgICAgICAgICAgICAgICAgICAgICAgICAgICAKICAgICAgICAgICAgICAgICAgICAgICAgICAgICAgICAgICAgICAgICAgICAgICAgICAgICAgICAgICAgICAgICAgICAgICAgICAgICAgICAgICAgICAgICAgICAgICAgICAgIAogICAgICAgICAgICAgICAgICAgICAgICAgICAgICAgICAgICAgICAgICAgICAgICAgICAgICAgICAgICAgICAgICAgICAgICAgICAgICAgICAgICAgICAgICAgICAgICAgICAgCiAgICAgICAgICAgICAgICAgICAgICAgICAgICAgICAgICAgICAgICAgICAgICAgICAgICAgICAgICAgICAgICAgICAgICAgICAgICAgICAgICAgICAgICAgICAgICAgICAgICAKICAgICAgICAgICAgICAgICAgICAgICAgICAgICAgICAgICAgICAgICAgICAgICAgICAgICAgICAgICAgICAgICAgICAgICAgICAgICAgICAgICAgICAgICAgICAgICAgICAgIAogICAgICAgICAgICAgICAgICAgICAgICAgICAgICAgICAgICAgICAgICAgICAgICAgICAgICAgICAgICAgICAgICAgICAgICAgICAgICAgICAgICAgICAgICAgICAgICAgICAgCiAgICAgICAgICAgICAgICAgICAgICAgICAgICAgICAgICAgICAgICAgICAgICAgICAgICAgICAgICAgICAgICAgICAgICAgICAgICAgICAgICAgICAgICAgICAgICAgICAgICAKICAgICAgICAgICAgICAgICAgICAgICAgICAgICAgICAgICAgICAgICAgICAgICAgICAgICAgICAgICAgICAgICAgICAgICAgICAgICAgICAgICAgICAgICAgICAgICAgICAgIAogICAgICAgICAgICAgICAgICAgICAgICAgICAgICAgICAgICAgICAgICAgICAgICAgICAgICAgICAgICAgICAgICAgICAgICAgICAgICAgICAgICAgICAgICAgICAgICAgICAgCiAgICAgICAgICAgICAgICAgICAgICAgICAgICAgICAgICAgICAgICAgICAgICAgICAgICAgICAgICAgICAgICAgICAgICAgICAgICAgICAgICAgICAgICAgICAgICAgICAgICAKICAgICAgICAgICAgICAgICAgICAgICAgICAgICAgICAgICAgICAgICAgICAgICAgICAgICAgICAgICAgICAgICAgICAgICAgICAgICAgICAgICAgICAgICAgICAgICAgICAgIAogICAgICAgICAgICAgICAgICAgICAgICAgICAgICAgICAgICAgICAgICAgICAgICAgICAgICAgICAgICAgICAgICAgICAgICAgICAgICAgICAgICAgICAgICAgICAgICAgICAgCiAgICAgICAgICAgICAgICAgICAgICAgICAgICAgICAgICAgICAgICAgICAgICAgICAgICAgICAgICAgICAgICAgICAgICAgICAgICAgICAgICAgICAgICAgICAgICAgICAgICAKICAgICAgICAgICAgICAgICAgICAgICAgICAgICAgICAgICAgICAgICAgICAgICAgICAgICAgICAgICAgICAgICAgICAgICAgICAgICAgICAgICAgICAgICAgICAgICAgICAgIAogICAgICAgICAgICAgICAgICAgICAgICAgICAgICAgICAgICAgICAgICAgICAgICAgICAgICAgICAgICAgICAgICAgICAgICAgICAgICAgICAgICAgICAgICAgICAgICAgICAgCiAgICAgICAgICAgICAgICAgICAgICAgICAgICA8P3hwYWNrZXQgZW5kPSd3Jz8+\/9sAQwAHBQUGBQQHBgUGCAcHCAoRCwoJCQoVDxAMERgVGhkYFRgXGx4nIRsdJR0XGCIuIiUoKSssKxogLzMvKjInKisq\/9sAQwEHCAgKCQoUCwsUKhwYHCoqKioqKioqKioqKioqKioqKioqKioqKioqKioqKioqKioqKioqKioqKioqKioqKioq\/8AAEQgAFAFSAwEiAAIRAQMRAf\/EAB8AAAEFAQEBAQEBAAAAAAAAAAABAgMEBQYHCAkKC\/\/EALUQAAIBAwMCBAMFBQQEAAABfQECAwAEEQUSITFBBhNRYQcicRQygZGhCCNCscEVUtHwJDNicoIJChYXGBkaJSYnKCkqNDU2Nzg5OkNERUZHSElKU1RVVldYWVpjZGVmZ2hpanN0dXZ3eHl6g4SFhoeIiYqSk5SVlpeYmZqio6Slpqeoqaqys7S1tre4ubrCw8TFxsfIycrS09TV1tfY2drh4uPk5ebn6Onq8fLz9PX29\/j5+v\/EAB8BAAMBAQEBAQEBAQEAAAAAAAABAgMEBQYHCAkKC\/\/EALURAAIBAgQEAwQHBQQEAAECdwABAgMRBAUhMQYSQVEHYXETIjKBCBRCkaGxwQkjM1LwFWJy0QoWJDThJfEXGBkaJicoKSo1Njc4OTpDREVGR0hJSlNUVVZXWFlaY2RlZmdoaWpzdHV2d3h5eoKDhIWGh4iJipKTlJWWl5iZmqKjpKWmp6ipqrKztLW2t7i5usLDxMXGx8jJytLT1NXW19jZ2uLj5OXm5+jp6vLz9PX29\/j5+v\/aAAwDAQACEQMRAD8A968RazcaNDZfYrOK7nvLtLVElnMKgsCclgrH+H0qC31zUoddtNN1zTbW1N8kht5bS8acFkAJVg0aEccgjPTtxUHjTTZNUj0WBIrl4xqsTStbO6NGgV8tuQgqORzkVmxaPJ4c8crOlvf6paX9u0VvPPPNcvYSDkpuYsUjkwPm7MOTjGEvPz\/JA\/L+tWdLH4j0a4vJbK01axuL2INutYrlGkBXqCoORjvxxVHTvGej3Gh2F\/qd\/Y6ZJeQRzCC4u0UrvBIGTjPQ4OOcGuKtE1W8v\/DTyW2pqbadjcWiaT9ltLDMEihEJTe3JxuDsvc4yoqLw48ekalDFq2i3txL\/wAIza27Rx2TSupLSZiZQCV3Y6kBfl5I4p9H\/XRv\/If9fikd5d+LtN03xDcabq1za2EUVvFMtzc3KxrIXZxtAbHI8vPXv7Vuo6yIrowZWGQwOQR61wfhXw\/e6fqrDVbZ5JovD1ramZk3KW3Sb4w3Q4+UHHtU1hd6jpPwqs7S0sLxtXj0yJIofs0nyO2EGTtwNpOSOoAzwKHonbX\/AId\/5C6\/12X+Zp+H\/GUGvaxf2S2xgS3Bkt5jJkXMQkaNnAwMYZD68EHvV9PFPh+SRo49d01nSLzmVbyMlY8bt5Gfu45z0xXHt4c1nw1c+HrmOW3v7axQ6dJFYadIknkyLjex8x9wDqjHgdSaXTtBdPDfgCCTS5FazuUlnRoDmBvJkJZhj5fnx174pr\/gf18rMPP5naDX9HbSjqa6tYnTwcG7FynlA5xjfnHXjrSL4i0R7Fb1NYsGtGZlW4F0hjJUEkBs4yACT6AGuLv4tRsdW1WSCxmjgm1pJPtiac109uv2VQZoowDltw278MBk5B5qhpWlX1zr0Mt1ZalNAfEa3azX1oEZkFmQsrBUVV+YDsCDgHDcUlr+H42\/z\/AHp+P6\/wCR6DJ4i0pdFfVbe8ivLRTtV7RxL5j52hF2nlixAA9TWG\/jO+jupI30\/Sy8TqJLFdaQ3yBiAoMWzZvOR8vmYOcAnisi\/t7iw1u\/vJYTBaf28kqyyqUjy1mI0kz0I80qCfX6VTjPlaf4StZfD2rM2mXBuL6UWDlvtIjfIBx82+RsmQfJ6tQtdfT8f8v8u4PT8f6\/rzPQ9P1vTtTtoprO7icSw+eELAOEzjJU8jBBBz0II7VNFqdjcLbNBe28q3YLW5SVSJgBklMH5uOeK89vtM1D+xtPu9LRbq6vJbuxvBZsJRbLcyFmyQcYicAE\/XpUb+GNYuU8QaXa28kEGn2dxa6UzfKs32hvMO1jx8qhY89uaP6\/r8A\/r+vxOyvfF2lx6Fqmo6Ve2eqNpsDTSw210rEYBIDFc7c4PUVf0zWtO1dX\/s6+tbmSHAmjgnWQwsf4WweDwevpXnd5pjalod89t\/wk1zdQ6LPbpBd6fHbxx71A8kBYYzIcqMbNyjb1GRne00i48Saff2Ol3un2mmaXJBdCa0eMnJQpCq4zJt2McruHPBOafX+vP\/Jff966L+u3\/BOl1TWtO0dE\/tC+tbaSYHyI551jMzD+Fcnk8jp6iqVp4t0tvDul6rq95Z6UNRt0mjjurpU5ZQxUFsbsZ9KxdTP2XxNqt1faVe39rqulxwW3kWjy52798LADMe7epy+1euSMVz+maXf6YNOuNSbXLKCbQbW2X7Bp63LIyA+ZDIjQyMmdwPQA4IPIFLo\/67\/5L+t6\/r8v83\/W3qjSIkZkdlVFG4sTwB65rN0bXYNWsY7g+XbmaM3EULSguYCSEkZeCoYDPtnGazm0eWP4YTaRYrdiU6Y8EKXjKZlJjIVWKfLkZA44rD1u3ur7QtA1Hw\/A9x9ss\/7OlMKZMcM6L+8PoEZQT6ZNHVpf1e\/+SEtk3\/Wx2FzrdjHpou4L+wdZomlt3lulSKUKuSd4z8oHJIBwOacut6Wb5LE6lZfbX4FsLhS5IUMQFzk8EHp0INeeXPh\/UxZ+JrEWM\/2TS9PurfS1WMt5\/wBoJk+T12gKnHuK0f7B1C50bxtBbWkkd3fhEhLjy\/PAtoxtDHAxncuegJNHd+Vwtsv66HR2ni3TtS8SQaXpVxa38cltLO9zbXKyCNkaMbCFzyfMz17dOavX+vaPpTldU1WxsmAUkXFykZGc4+8R12tj6H0rmtMmj1Lx\/p19ZaNf2cMOjywSTXNk8AU+ZEVi+YDkfN045OCcHF0acz\/EHVryS0Zo30iGCOZoyVb55SyA9D\/DkfSiWiXz\/UFq38v0OiS9tZJmijuYXkWNZWRZASEOcNj0ODg+xqofEOiq8CNq9gGudnkKblMy787NvPOcHGOuDiuG8MreaAlnJqGmaiftGgWttGsNnJIRLGXzG4A\/dn515faOvPBq38P9KurPULaa9sZ7d00Czg3yxFdrBpC6ZPcfLkfSqtrb+uv+X4h0\/ry\/zf3HaajqunaRAs+rX9rYxM2xZLmZY1LdcAsRzwajn13SbbTY9RudUsobGXHl3UlwixPnphycHOKxvFkIS+s72KbVbK7ihljhvbCxF4q7tp2SRhHbBKg5AH3SNwyM801pqxvtI1i+gu9MgUXaNJo2mgurPICkzW7pKymRVOeCwJwSMkVC\/r+v6+Y2dPrvjjT9BaCWcxzWU1hNercxzLhghQKq9mLeYMc+nXNaL+J9Eg061vbvV9Ptre7XdDJLdIqyeu1icNj2rgL7w9dPp3l6Za6tNHNpOqFTfQqr75WRlXaigJuOSqEA88gcgXLmK4PiA6rNJr1pZXmlxQRNZaYJnUoW3xSRvA7pnIIOAD3JwKfT+vP\/ACD+vy\/zO4v9f0fS226nq1jZnCnFxcpHw2cdSOu1seuD6VfV1dA6MGVhkMDkEetcN4c0D7Drs2bK98mPQbe2hkvkVpMb5S0ZZflJA25A9qmttJ1K6+CsWlQRyQai+kiFY5P3bBtmNpz909uelD0Tfb\/g\/wCQlq0v62X+Zvr4j0u6sr2bStU027azQtLi9UJFwceYy7tg4PJHY0+bxHottMkF3rGnwXDsEET3aBi5AO0AkEnDL+Y9a8\/vNNbUdDvXtf8AhJrm6h0We3SC706O3jj3qAIQFhjMhyoxs3KNvUZGbs+i3DeH\/Hf\/ABLpmnvI1WEeSS04W1QALx82G3Djvmja\/p+oLW3n\/wAA7a813SNOulttQ1SytbhozIIp7hEcoM5bBOccHn2NLda3pVjewWd7qdnb3VxjyYJbhEeXJwNqk5OTxxXnPiNTp3hbxha6tpd5cz6gouIJUtndHQQoF3SAbUKMh4Yg8cA5GZ7\/AEiddT8Q22qSeIBFqro0SaZZRTJcxmNUCGRom8tlII+Z0AyGGMk0f1\/wP67B0T\/r1O9vNf0fT72Oz1DVrG1upcGOCe5RHfJwMKTk5PFPu9a0qwvobO+1Oztrq4x5ME1wqPJk4G1ScnJ44ritZguNOm1CPSF1N7q5A8yxvtJ+2WmoHyQg3SRj5CcKCWkAGCSuDk073R7iPUNftdVOuxR6oyGKHSrKKeOeMxKgj8xoW8sqQR8zooyGGMk0f1\/X9fJAdfD4x0sazf6bqV3aafLbXK28InulVrgmNHyqnHdwMDP61pXetaVYX0NnfanZ211cY8mCa4VHkycDapOTk8cVxN1odwNC8eqLG4lnu0CQtJEWkuAtqgXGB8x3bunfNUrrSLlL3XrbV5PEATVTG0aabZRTLcxmJUCGRom8tlII+Z0AyGGMk0eXkg8zv7nxDotndC1u9XsILhn8sRS3KK5fAO3BOc4ZePcetLDqm7X7jS54fKkWJZ4H3ZE8fRj04KtwRzwVOecDjLrQ7gaF49UWNxLPdoEhaSItJcBbVAuMD5ju3dO+a2pVebx5oCoG8y106eS4JH3Vfy1UH6spP\/ATTW6\/ro2HT+u6\/wAzqaKKKQBRRRQAVWTTrWPVJdRSLF1NEkLybjyiklRjOOCx\/OiigCzRRRQAUUUUAFFFFADJoYrm3kguI0lhkUo8cihldSMEEHqD6ViDwXoqp5aperb9Pso1K4EG3+55XmbNnbZjbjjGKKKANqCCG1t44LaJIYYlCRxxqFVFHAAA4A9qkoooAKKKKACiiigAqvZWNtp0Bhs4\/KiLtJsDEgFiWOM9Bkk4HFFFAFiiiigAooooAKKKKACiiigAooooAKKKKACiiigDGuvCejXt\/Jd3FrIzzOsk0a3MqwzMuMF4gwRzwPvKeg9K2aKKPIAooooAKKKKACq8NjbW97cXcUeJ7nb5shYksFGFHPQDngYGST1JoooAsUUUUAf\/2Q==\" alt=\"\" width=\"304\" height=\"18\" \/><\/p>\n<p><strong><br \/>\nGesetzliche Berufsbezeichnung:<\/strong><\/p>\n<p>Dr. med. Ralph-J\u00f6rg Aman<br \/>\nFacharzt f\u00fcr Orthop\u00e4die \u2022\u00a0Sportmedizin \u2022\u00a0Chirotherapie \u2022<\/p>\n<p><strong>\u00c4rztekammer:<\/strong><\/p>\n<p>Bayerische Landes\u00e4rztekammer<br \/>\nM\u00fchlbaustr. 16<br \/>\n81677 M\u00fcnchen<br \/>\n<a href=\"http:\/\/www.blaek.de\/\" target=\"_blank\" rel=\"noopener\">http:\/\/www.blaek.de<\/a><\/p>\n<p><strong>Kassen\u00e4rztliche Vereinigung:<\/strong><\/p>\n<p>Kassen\u00e4rztliche Vereinigung Bayerns<br \/>\nArabellastra\u00dfe 30<br \/>\n81925 M\u00fcnchen<br \/>\n<a href=\"http:\/\/www.kvb.de\/\" target=\"_blank\" rel=\"noopener\">http:\/\/www.kvb.de<\/a><\/p>\n<p><strong>Berufsrechtliche Regelungen:<\/strong><\/p>\n<p>Berufsordnung f\u00fcr die \u00c4rzte Bayerns<br \/>\n<a href=\"http:\/\/www.blaek.de\" target=\"_blank\" rel=\"noopener\">http:\/\/www.blaek.de<\/a><\/p>\n<p>Berufsverband der Fach\u00e4rzte f\u00fcr Orthop\u00e4die<br \/>\n<a href=\"http:\/\/www.bvonet.de\/\" target=\"_blank\" rel=\"noopener\">http:\/\/www.bvonet.de<\/a><\/p>\n<p><strong>Urheberrecht und geistige Eigentumsrechte<\/strong><\/p>\n<p>Copyright 2013. | Dr. med. Ralph-J\u00f6rg Aman | Alle Rechte vorbehalten.<\/p>\n<p style=\"text-align: justify;\">Alle Texte, Bilder, Grafiken, Mulitmediadateien sowie das Layout unterliegen dem Urheberrecht und den Gesetzen zum Schutz geistigen Eigentums. Eine Weiterverwertung bedarf der ausdr\u00fccklichen Zustimmung von Dr. med. Ralph J\u00f6rg Aman bzw. der unten aufgef\u00fchrten Firmen und Insitutionen.<\/p>\n<p style=\"text-align: justify;\">Die Gesamtgestaltung und das\u00a0Logo &#8222;Doc Apple&#8220; Dr. med. Ralph-J\u00f6rg Aman unterliegen dem geistigen Eigentum von Dr. med. Ralph J\u00f6rg Aman. Eine Weiterverwendung bedarf der ausdr\u00fccklichen Zustimmung von Dr. med. Ralph-J\u00f6rg Aman.<\/p>\n<p style=\"text-align: justify;\">Die Texte\u00a0im Glossar basieren\u00a0zum Teil auf der freien Enzyklop\u00e4die <a href=\"http:\/\/www.Wikipedia.de\">www.Wikipedia.de<\/a>\u00a0und stehen unter der <a class=\"external text\" title=\"http:\/\/example.com\/fdl.txt\" href=\"http:\/\/example.com\/fdl.txt\" target=\"_blank\" rel=\"nofollow noopener\">GNU-Lizenz f\u00fcr freie Dokumentation<\/a>. In der Wikipedia ist eine <a class=\"external text\" title=\"http:\/\/de.wikipedia.org\/w\/index.php?title=XYZ&amp;action=history\" href=\"http:\/\/de.wikipedia.org\/w\/index.php?title=XYZ&amp;action=history\" rel=\"nofollow\">Liste der Autoren<\/a> verf\u00fcgbar.<\/p>\n<p><strong>Haftung f\u00fcr Inhalte<\/strong><\/p>\n<p style=\"text-align: justify;\">S\u00e4mtliche Informationen wurden von Dr. med. Ralph-J\u00f6rg Aman mit gro\u00dfer Sorgfalt zusammengestellt. F\u00fcr den Fall, dass in\u00a0meinem Internet-Angebot unzutreffende Informationen ver\u00f6ffentlicht sein sollten, kommt eine Haftung nur bei grober Fahrl\u00e4ssigkeit in Betracht.<\/p>\n<p><strong>Gesundheitsbezogene Informationen<\/strong><\/p>\n<p style=\"text-align: justify;\">Insbesondere stellt Dr. med. Ralph-J\u00f6rg Aman klar, dass die angebotenen Informationen allgemeing\u00fcltiger Art sind und keine individuelle \u00e4rztiche Beratung ersetzen. Sie sollten dieses Informationsangebot niemals als alleinige Quelle f\u00fcr gesundheitsbezogene Entscheidungen verwenden. Bei gesundheitlichen Beschwerden konsultieren Sie bitte Dr. med. Ralph J\u00f6rg Aman, Ihren\u00a0Hausarzt oder Apotheker. Nehmen Sie niemals Medikamente (Heilkr\u00e4uter eingeschlossen) ohne Absprache mit Dr. med. Ralph J\u00f6rg Aman, Ihrem\u00a0Hausarzt oder Apotheker ein!<\/p>\n<p><strong>Haftung f\u00fcr Querverweise<\/strong><\/p>\n<p style=\"text-align: justify;\">Dr. med. Ralph-J\u00f6rg Aman\u00a0ist als Inhaltsanbieter f\u00fcr die eigenen Inhalte, die wir zur Nutzung bereithalten, nach den allgemeinen Gesetzen verantwortlich. Von diesen eigenen Inhalten sind Querverweise (&#8222;Links&#8220;) auf die von anderen Anbietern bereitgehaltenen Inhalte zu unterscheiden. F\u00fcr diese fremden Inhalte ist Dr. med. Ralph J\u00f6rg Aman nur dann verantwortlich, wenn von ihnen (d.h. auch von einem rechtswidrigen bzw. strafbaren Inhalt) positive Kenntnis vorliegt und es technisch m\u00f6glich und zumutbar ist, deren Nutzung zu verhindern.<br \/>\nDie Webseiten, auf die die Verkn\u00fcpfungen verweisen k\u00f6nnen nach der \u00dcberpr\u00fcfung durch Dr. med. Ralph J\u00f6rg Aman inhaltlichen \u00c4nderungen unterzogen worden sein. Dr. med. Ralph J\u00f6rg Aman ist aber nicht dazu verpflichtet die externen Webseiten st\u00e4ndig auf Ver\u00e4nderungen zu \u00fcberpr\u00fcfen, die eine Verantwortlichkeit neu begr\u00fcnden k\u00f6nnten. Erst wenn der Dr. med. Ralph J\u00f6rg Aman feststellt oder von anderen darauf hingewiesen wird, dass ein konkretes Angebot, zu dem ein Link bereitgestellt wurde, eine zivil- oder strafrechtliche Verantwortlichkeit ausl\u00f6st, wird der Verweis auf dieses Angebot aufgehoben, soweit dies technisch m\u00f6glich und zumutbar ist.<br \/>\nDie technische M\u00f6glichkeit und Zumutbarkeit wird nicht dadurch beeinflusst, dass auch nach Unterbindung des Zugriffs von der Homepage von Dr. med. Ralph J\u00f6rg Aman von anderen Servern aus auf das rechtswidrige oder strafbare Angebot zugegriffen werden kann.<\/p>\n<p><strong>Schutz Ihrer Privatsph\u00e4re<\/strong><\/p>\n<p style=\"text-align: justify;\">Der Schutz Ihrer Privatsph\u00e4re bei der Verarbeitung pers\u00f6nlicher Daten ist Dr. med. Ralph-J\u00f6rg Aman ein wichtiges Anliegen. Wenn Sie\u00a0meine Webseiten besuchen, speichern unsere Webserver standardm\u00e4\u00dfig die IP Ihres Internet Service Providers, die Webseite, von der aus Sie uns besuchen, die Webseiten, die Sie bei uns besuchen sowie das Datum und die Dauer des Besuches. Diese Informationen sind f\u00fcr die technische \u00dcbertragung der Webseiten und den sicheren Serverbetrieb zwingend erforderlich. Eine personalisierte Auswertung dieser Daten und\/oder Weitergabe an Dritte erfolgt nicht.<\/p>\n","protected":false},"excerpt":{"rendered":"<p>www.orthopaedie-kulmbach.de ist das Internet-Angebot von Dr. med. Ralph-J\u00f6rg Aman. Das Internet-Angebot von Dr. med. Ralph J\u00f6rg Aman dient ausschliesslich der Patienteninformation. Verantwortlich f\u00fcr die eigenen Inhalte: Dr. med. Ralph-J\u00f6rg Aman Holzmarkt 10, 95326 Kulmbach Fon: +49 9221 | 74 34 &hellip; <a href=\"http:\/\/orthopaedie-kulmbach.de\/?page_id=44\">Weiterlesen <span class=\"meta-nav\">&rarr;<\/span><\/a><\/p>\n","protected":false},"author":1,"featured_media":0,"parent":0,"menu_order":0,"comment_status":"closed","ping_status":"open","template":"","meta":[],"_links":{"self":[{"href":"http:\/\/orthopaedie-kulmbach.de\/index.php?rest_route=\/wp\/v2\/pages\/44"}],"collection":[{"href":"http:\/\/orthopaedie-kulmbach.de\/index.php?rest_route=\/wp\/v2\/pages"}],"about":[{"href":"http:\/\/orthopaedie-kulmbach.de\/index.php?rest_route=\/wp\/v2\/types\/page"}],"author":[{"embeddable":true,"href":"http:\/\/orthopaedie-kulmbach.de\/index.php?rest_route=\/wp\/v2\/users\/1"}],"replies":[{"embeddable":true,"href":"http:\/\/orthopaedie-kulmbach.de\/index.php?rest_route=%2Fwp%2Fv2%2Fcomments&post=44"}],"version-history":[{"count":21,"href":"http:\/\/orthopaedie-kulmbach.de\/index.php?rest_route=\/wp\/v2\/pages\/44\/revisions"}],"predecessor-version":[{"id":1453,"href":"http:\/\/orthopaedie-kulmbach.de\/index.php?rest_route=\/wp\/v2\/pages\/44\/revisions\/1453"}],"wp:attachment":[{"href":"http:\/\/orthopaedie-kulmbach.de\/index.php?rest_route=%2Fwp%2Fv2%2Fmedia&parent=44"}],"curies":[{"name":"wp","href":"https:\/\/api.w.org\/{rel}","templated":true}]}}