{"id":436,"date":"2013-06-02T23:14:11","date_gmt":"2013-06-02T21:14:11","guid":{"rendered":"http:\/\/orthopaedie-kulmbach.de\/?page_id=436"},"modified":"2021-01-17T19:21:00","modified_gmt":"2021-01-17T18:21:00","slug":"medikamentose-behandlung","status":"publish","type":"page","link":"http:\/\/orthopaedie-kulmbach.de\/?page_id=436","title":{"rendered":"Medikament\u00f6se Behandlung"},"content":{"rendered":"<ul>\n<li style=\"list-style-type: none;\">\n<ul>\n<li><span style=\"color: #008080;\">Schmerztherapie<\/span><\/li>\n<li><span style=\"color: #333333;\">L\u00f6sen von Verspannungen<\/span><\/li>\n<li><span style=\"color: #333333;\"><a href=\"http:\/\/orthopaedie-kulmbach.de\/?page_id=713\"><span style=\"color: #33cccc;\"><span style=\"color: #008080;\">Knorpelschutz<\/span><\/span> <\/a>der Gelenke<\/span><\/li>\n<\/ul>\n<\/li>\n<\/ul>\n<ul>\n<li style=\"text-align: justify;\"><span style=\"color: #333333;\">Knochenaufbau bei <a href=\"http:\/\/orthopaedie-kulmbach.de\/?page_id=60\"><span style=\"color: #33cccc;\"><span style=\"color: #008080;\">Osteoporose<\/span><\/span><span style=\"color: #008080;\">, <\/span><\/a><span style=\"color: #008080;\">l<\/span>eitliniengerecht <\/span>(s.a. unter Institut)<br \/>\nIm Arztgespr\u00e4ch werden Ihre Me\u00dfwerte (DEXA) erkl\u00e4rt und mit Ihnen eventuell erforderliche Ma\u00dfnahmen besprochen. Zur Behandlung der Osteoporose und zur Vorbeugung von Knochenbr\u00fcchen stehen\u00a0 konservative Basisma\u00dfnahmen und gegebenenfalls verschiedenste effektive Medikamente zur Verf\u00fcgung. Die medikament\u00f6se Behandlung hat ihre Wirksamkeit bis ins hohe Alter unter Beweis gestellt und ist in der Regel sehr gut vertr\u00e4glich.<\/li>\n<li><span style=\"color: #333333;\">Rheumaerkrankungen<\/span><\/li>\n<li>Infektionen und andere entz\u00fcndliche Erkrankungen<\/li>\n<li>Sehnen und Gelenkbeschwerden<\/li>\n<\/ul>\n<p style=\"text-align: justify;\">Die moderne Medizin bietet eine breite Palette an Medikamenten f\u00fcr verschiedenste orthop\u00e4dische Erkrankungen. H\u00e4ufig lassen sich auch durch <a href=\"http:\/\/orthopaedie-kulmbach.de\/?page_id=358\"><span style=\"color: #008080;\">naturheilkundliche Pr\u00e4parate<\/span><\/a> z.B. auf pflanzlicher Basis gute Heilungserfolge erzielen.<\/p>\n","protected":false},"excerpt":{"rendered":"<p>Schmerztherapie L\u00f6sen von Verspannungen Knorpelschutz der Gelenke Knochenaufbau bei Osteoporose, leitliniengerecht (s.a. unter Institut) Im Arztgespr\u00e4ch werden Ihre Me\u00dfwerte (DEXA) erkl\u00e4rt und mit Ihnen eventuell erforderliche Ma\u00dfnahmen besprochen. Zur Behandlung der Osteoporose und zur Vorbeugung von Knochenbr\u00fcchen stehen\u00a0 konservative Basisma\u00dfnahmen &hellip; <a href=\"http:\/\/orthopaedie-kulmbach.de\/?page_id=436\">Weiterlesen <span class=\"meta-nav\">&rarr;<\/span><\/a><\/p>\n","protected":false},"author":1,"featured_media":0,"parent":27,"menu_order":0,"comment_status":"closed","ping_status":"open","template":"","meta":[],"_links":{"self":[{"href":"http:\/\/orthopaedie-kulmbach.de\/index.php?rest_route=\/wp\/v2\/pages\/436"}],"collection":[{"href":"http:\/\/orthopaedie-kulmbach.de\/index.php?rest_route=\/wp\/v2\/pages"}],"about":[{"href":"http:\/\/orthopaedie-kulmbach.de\/index.php?rest_route=\/wp\/v2\/types\/page"}],"author":[{"embeddable":true,"href":"http:\/\/orthopaedie-kulmbach.de\/index.php?rest_route=\/wp\/v2\/users\/1"}],"replies":[{"embeddable":true,"href":"http:\/\/orthopaedie-kulmbach.de\/index.php?rest_route=%2Fwp%2Fv2%2Fcomments&post=436"}],"version-history":[{"count":8,"href":"http:\/\/orthopaedie-kulmbach.de\/index.php?rest_route=\/wp\/v2\/pages\/436\/revisions"}],"predecessor-version":[{"id":1456,"href":"http:\/\/orthopaedie-kulmbach.de\/index.php?rest_route=\/wp\/v2\/pages\/436\/revisions\/1456"}],"up":[{"embeddable":true,"href":"http:\/\/orthopaedie-kulmbach.de\/index.php?rest_route=\/wp\/v2\/pages\/27"}],"wp:attachment":[{"href":"http:\/\/orthopaedie-kulmbach.de\/index.php?rest_route=%2Fwp%2Fv2%2Fmedia&parent=436"}],"curies":[{"name":"wp","href":"https:\/\/api.w.org\/{rel}","templated":true}]}}