{"id":419,"date":"2013-06-02T23:00:00","date_gmt":"2013-06-02T21:00:00","guid":{"rendered":"http:\/\/orthopaedie-kulmbach.de\/?page_id=419"},"modified":"2021-01-17T14:52:58","modified_gmt":"2021-01-17T13:52:58","slug":"akupunktur","status":"publish","type":"page","link":"http:\/\/orthopaedie-kulmbach.de\/?page_id=419","title":{"rendered":"Akupunktur"},"content":{"rendered":"<p style=\"text-align: justify;\">Die Akupunktur ist ein Teilgebiet der traditionellen chinesischen Medizin (TCM) mit einer \u00fcber 2000 Jahre alten Tradition. Sie geht von Lebensenergien des K\u00f6rpers aus (QI), die auf definierten L\u00e4ngsbahnen (Meridiane) zirkulieren und einen steuernden Einflu\u00df auf die K\u00f6rperfunktionen haben. Ein <span style=\"color: #008080;\">gest\u00f6rter Energieflu\u00df<\/span> wird f\u00fcr Erkrankungen verantwortlich gemacht und soll durch Stiche in auf den Meridianen angenommene Akupunkturpunkte ausgeglichen werden. Bei eng verwandten Methoden wird stumpfer Druck auf die Punkte ausge\u00fcbt (Akupressur) oder sie werden erw\u00e4rmt (Moxibustion). Klinische Studien zeigen eine Wirksamkeit der Akupunktur bei durch Kniegelenksarthrose bedingten Schmerzen, bei chronischen tiefen R\u00fcckenschmerzen und bei der Prophylaxe von Migr\u00e4neattacken. <span style=\"font-size: 10pt;\">[Quelle: Wikipedia]<\/span><\/p>\n<p style=\"text-align: justify;\">Es ist erwiesen, dass die Wirksamkeit von Akupunktur bei den genannten Beschwerden deutlich h\u00f6her ist als bei einer schulmedizinischen Behandlung <span style=\"font-size: 10pt;\">[GERAC Studien, German Acupuncture trials, 2002-2007].<\/span><\/p>\n<p style=\"text-align: justify;\">In unserer Praxis f\u00fchre ich die die klassische chinesische Akupunktur durch, unterst\u00fctzt durch Einfl\u00fcsse aus der franz\u00f6sichen Akupunkturlehre. Ich behandele folgende Krankheitsbilder:<\/p>\n<ul style=\"list-style-type: disc;\">\n<li>Schmerztherapie bei Arthrose,<\/li>\n<li>Bandscheibensch\u00e4den, &#8222;Hexenschu\u00df&#8220;, Ischias Beschwerden<\/li>\n<li>Muskul\u00e4re Verspannungen<\/li>\n<li>Sehnenerkrankungen,<\/li>\n<li>Migr\u00e4ne<\/li>\n<li>Tinnitus<\/li>\n<li>Rauchentw\u00f6hnung<\/li>\n<\/ul>\n<p style=\"text-align: justify;\">Nach der Ehebung der Krankengeschichte werden die Akupunkturpunkte f\u00fcr die Behandlung bestimmt. Sie k\u00f6nnen im Bereich der erkrankten K\u00f6rperregion liegen oder auch weiter entfernt vom Krankheitsgeschehen an Armen, Beinen oder den Ohren. Die Akupunkturnadel wird gesetzt und ggf. durch Drehen, Heben oder Senken stimuliert. Eine Sitzung in entspannter Atmosph\u00e4re dauert zwischen 20 und 45 Minuten. Meist sind bei akuten Erkrankungen 3-6 Sitzungen, bei chronischen 8-20 Sitzungen erforderlich.<br \/>\nNebenwirkungen treten au\u00dferordentlich selten auf. Gelegentlich kann es zu kurzen Kreislaufbeschwerden kommen oder zu einem schnell vor\u00fcbergehenden Aufw\u00fchlen der Beschwerden (was eher ein gutes Zeichen ist). Durch einen erfahrenen Arzt kann Akupunktur auch bei schwangeren Frauen und bei Patienten, die Blutgerinnungs-hemmer (Markumar) nehmen m\u00fcssen durchgef\u00fchrt werden.<\/p>\n<p style=\"text-align: justify;\">Seit 2008 kann die Akupunktur durch mich nicht mehr zu Lasten Ihrer gesetzlichen Krankenkasse erfolgen. Aus folgendem Grund:<\/p>\n<p style=\"text-align: justify;\">Nach der Qualifizierung und dem Abschlu\u00df des international anerkannten Akupunkturdiploms habe ich sehr gute Behandlungserfolge mit der Methode erzielt. <span style=\"color: #008080;\">Ich wurde von den gesetztlchen Kassen gebeten<\/span> an der oben genannten Studie teilzunehmen &#8211; was ich auch tat. Die Behandlungskosten der Pateinten im sogenannten &#8222;Modellprojekt&#8220; wurden jahrelang von den gesetzlichen Kassen \u00fcbernommen.<\/p>\n<p style=\"text-align: justify;\">Das Ergebnis der Studie war durchweg positiv. Unsere Behandlungserfolge speziell an Knie und Wirbels\u00e4ule \u00fcbertrafen die schulmedizinischen Ergebnisse deutlich &#8211; und das praktisch ohne Nebenwirkungen.<\/p>\n<p style=\"text-align: justify;\">Die hatte zur Folge &#8211; Sie lesen richtig &#8211; da\u00df die die Akupunktur von den gestzlichen Kassen nicht mehr bezahlt wurde ! Es sei denn man erkl\u00e4rte sich zu einer teuren &#8222;Weiterbildung&#8220; und psychosomatischen Ausbildung bereit. Wie viele meiner Kollegen konnte ich dieses Vorgehen in keiner Weise nachvollziehen. Erst sollte man mitmachen wegen der hohen Qualifikation, dann zeigte die gro\u00dfe Studie eindeutig unsere Behandlungserfolge und zur &#8222;Belohnung&#8220; gibt es den Entzug der Zulassung f\u00fcr die gestzlichen Kassen AOK, TK, DAK etc&#8230; es sei denn man erwirbt f\u00fcr teueres Geld ein zus\u00e4tzliches &#8222;Kassendiplom&#8220; mit psychosomatischer Ausbildung. Klar ist, da\u00df so die mit den gestzlichen Kassen abrechnenden Akupunktur\u00e4rzte schlagartig weniger geworden sind.<\/p>\n","protected":false},"excerpt":{"rendered":"<p>Die Akupunktur ist ein Teilgebiet der traditionellen chinesischen Medizin (TCM) mit einer \u00fcber 2000 Jahre alten Tradition. Sie geht von Lebensenergien des K\u00f6rpers aus (QI), die auf definierten L\u00e4ngsbahnen (Meridiane) zirkulieren und einen steuernden Einflu\u00df auf die K\u00f6rperfunktionen haben. Ein &hellip; <a href=\"http:\/\/orthopaedie-kulmbach.de\/?page_id=419\">Weiterlesen <span class=\"meta-nav\">&rarr;<\/span><\/a><\/p>\n","protected":false},"author":1,"featured_media":0,"parent":27,"menu_order":0,"comment_status":"closed","ping_status":"open","template":"","meta":[],"_links":{"self":[{"href":"http:\/\/orthopaedie-kulmbach.de\/index.php?rest_route=\/wp\/v2\/pages\/419"}],"collection":[{"href":"http:\/\/orthopaedie-kulmbach.de\/index.php?rest_route=\/wp\/v2\/pages"}],"about":[{"href":"http:\/\/orthopaedie-kulmbach.de\/index.php?rest_route=\/wp\/v2\/types\/page"}],"author":[{"embeddable":true,"href":"http:\/\/orthopaedie-kulmbach.de\/index.php?rest_route=\/wp\/v2\/users\/1"}],"replies":[{"embeddable":true,"href":"http:\/\/orthopaedie-kulmbach.de\/index.php?rest_route=%2Fwp%2Fv2%2Fcomments&post=419"}],"version-history":[{"count":8,"href":"http:\/\/orthopaedie-kulmbach.de\/index.php?rest_route=\/wp\/v2\/pages\/419\/revisions"}],"predecessor-version":[{"id":1400,"href":"http:\/\/orthopaedie-kulmbach.de\/index.php?rest_route=\/wp\/v2\/pages\/419\/revisions\/1400"}],"up":[{"embeddable":true,"href":"http:\/\/orthopaedie-kulmbach.de\/index.php?rest_route=\/wp\/v2\/pages\/27"}],"wp:attachment":[{"href":"http:\/\/orthopaedie-kulmbach.de\/index.php?rest_route=%2Fwp%2Fv2%2Fmedia&parent=419"}],"curies":[{"name":"wp","href":"https:\/\/api.w.org\/{rel}","templated":true}]}}