{"id":358,"date":"2013-05-31T20:20:54","date_gmt":"2013-05-31T18:20:54","guid":{"rendered":"http:\/\/orthopaedie-kulmbach.de\/?page_id=358"},"modified":"2021-01-17T15:07:34","modified_gmt":"2021-01-17T14:07:34","slug":"naturheilkunde","status":"publish","type":"page","link":"http:\/\/orthopaedie-kulmbach.de\/?page_id=358","title":{"rendered":"Nat\u00fcrliche Verfahren"},"content":{"rendered":"<p style=\"text-align: justify;\">Prinzipiell ist z.B. der Begriff Naturheilkunde weit verbreitet. Man macht sich aber selten die M\u00fche, dar\u00fcber nachzudenken, welche Verfahren direkt aus der Natur abgeleitete Ph\u00e4nomene zur Behandlung nutzen. &#8222;Nat\u00fcrlich&#8220; sind z.B. alle Methoden der Massage, Gymnastik und Bewegung, sozusagen von Mensch zu Mensch. Nat\u00fcrlicher geht es kaum. Aber auch elektrischer Strom ist nat\u00fcrlich. Ohne ihn w\u00fcrden der Mensch nicht funktioneren. Magnetfelder erzeugen wir selbst. Ein riesig gro\u00dfes umgibt unseren Erdball. Ultraschall wird im Tierreich z.B. von Walen und Flederm\u00e4usen genutzt. Auch gibt es eine gro\u00dfe Anzahl an Medikamenten, die von der Natur kopiert wurden und in Reinform (ohne sch\u00e4dliche Nebenstoffe) technisch hergestellt werden, so z.B. Penizillin, Aspirin, Heparin, Markumar u.a. Tats\u00e4chlich nutzt die konservative Medizin t\u00e4glich eine F\u00fclle &#8222;nat\u00fcrlicher Heilmethoden&#8220; ohne da\u00df diese als solche direkt zu erkennen sind.<\/p>\n<ul>\n<li><span style=\"color: #333333;\">Schmerztherapie<\/span><\/li>\n<li><span style=\"color: #333333;\">L\u00f6sen von Verspannungen<\/span><\/li>\n<li><span style=\"color: #333333;\"><a href=\"http:\/\/orthopaedie-kulmbach.de\/?page_id=713\"><span style=\"text-decoration: underline; color: #008080;\">Knorpelschutz <\/span><\/a>der Gelenke<\/span><\/li>\n<li><span style=\"color: #333333;\">Knochenaufbau bei <a href=\"http:\/\/orthopaedie-kulmbach.de\/?page_id=60\"><span style=\"text-decoration: underline;\"><span style=\"color: #008080; text-decoration: underline;\">Osteoporose<\/span><\/span><\/a>, leitliniengerecht <\/span>(s.a. unter <a href=\"http:\/\/orthopaedie-kulmbach.de\/?page_id=95\"><span style=\"text-decoration: underline; color: #008080;\">Institut<\/span><\/a>)<\/li>\n<li><span style=\"color: #333333;\">Rheumaerkrankungen<\/span><\/li>\n<li>Infektionen und andere entz\u00fcndliche Erkrankungen<\/li>\n<li>Sehnen und Gelenkbeschwerden<\/li>\n<\/ul>\n<p style=\"text-align: justify;\"><strong><span style=\"color: #33cccc;\"><a title=\"Medikament\u00f6se Behandlung\" href=\"http:\/\/orthopaedie-kulmbach.de\/?page_id=436\"><strong><span style=\"color: #008080;\">Medikament\u00f6se Behandlung<br \/>\n<\/span><\/strong><\/a><\/span><\/strong>Die moderne Medizin bietet eine breite Palette an Medikamenten f\u00fcr verschiedenste orthop\u00e4dische Erkrankungen. H\u00e4ufig lassen sich bei orthop\u00e4dischen Erkrankungen auch durch naturheilkundliche Substanzen z.B. auf pflanzlicher Basis gute Heilungserfolge erzielen (z.B. Brennessel- , Birkenrinde- und Teufelskrallepr\u00e4parate)<\/p>\n<p style=\"text-align: justify;\"><a title=\"Sto\u00dfwellentherapie\" href=\"http:\/\/orthopaedie-kulmbach.de\/?page_id=322\"><strong><span style=\"color: #008080;\">Sto\u00dfwellentherapie<\/span><\/strong><\/a> <span style=\"color: #008080;\">(SWT)<\/span> effektive und schonende Behandlung insbesondere von Sehnenerkrankungen (z.B. Fersensporn, Tennisellenbogen, Golferellenbogen, Achillessehenbeschwerden), Verkalkungen (z.B. Kalkschulter). In der Regel gen\u00fcgen f\u00fcnf bis acht Sitzungen.<\/p>\n<p style=\"text-align: justify;\"><span style=\"color: #008080;\"><strong>Triggerpunktmassage<\/strong><\/span> ger\u00e4tegest\u00fctzt (Sto\u00dfwelle, SWT) z.B. f\u00fcr muskul\u00e4re Verspannungen, Sehnenansatzreizungen<\/p>\n<p style=\"text-align: justify;\"><a title=\"Vibrationsmassage\" href=\"http:\/\/orthopaedie-kulmbach.de\/?page_id=404\"><strong><span style=\"color: #008080;\">Vibrationsmassage<\/span><\/strong><\/a> ger\u00e4tegest\u00fctzt f\u00fcr die gesamte Wirbels\u00e4ule oder regional. Hierf\u00fcr wird ein Massagestuhl genutzt. In der Regel gen\u00fcgen sechs bis acht Sitzungen. Nebenwirkungen sind nicht bekannt.<\/p>\n<p style=\"text-align: justify;\"><strong><span style=\"color: #008080;\">Chirotherapie.<\/span><\/strong> Mobilisationen und \/ oder Manipulationen funktionsgest\u00f6rter Gelenke oder Wirbels\u00e4ulenabschnitte mit den H\u00e4nden des Arztes. Im Volksmund wird Chirotherapie oft als \u201eEinrenken\u201d bezeichnet, da z.B. bei <span style=\"color: #008080;\">Manipulationen<\/span> oft ein Knacksen zu sp\u00fcren oder auch zu h\u00f6ren ist. Bei den sogenannten \u201cweichen\u201d Techniken (<span style=\"color: #008080;\">Mobilisationen<\/span>) werden betroffene Gelenke rhythmisch mit sanftem Zug und Druck wieder beweglich gemacht.<\/p>\n<p style=\"text-align: justify;\"><a title=\"Elektrotherapie\" href=\"http:\/\/orthopaedie-kulmbach.de\/?page_id=386\"><strong><span style=\"color: #008080;\">Elektrotherapie<\/span><\/strong><\/a> und Tens- Versogung bei muskul\u00e4ren Verspannungen Nervenschmerzen oder -reizungen, &#8222;Ischias&#8220; und chronischen Schmerzsyndromen.<\/p>\n<p style=\"text-align: justify;\"><span style=\"color: #000000;\"><a title=\"Magnetfeldtherapie\" href=\"http:\/\/orthopaedie-kulmbach.de\/?page_id=393\"><strong><span style=\"color: #33cccc;\"><span style=\"color: #008080;\">E<\/span><\/span><span style=\"color: #33cccc;\"><span style=\"color: #008080;\">nergetische<\/span><\/span><\/strong><\/a><strong><a title=\"Magnetfeldtherapie\" href=\"http:\/\/orthopaedie-kulmbach.de\/?page_id=393\"><span style=\"color: #33cccc;\"><span style=\"color: #008080;\"> Zellanregung<\/span><\/span><\/a><\/strong><\/span> mit Spulen und pulsierendem Feld. Exakte Einstellung von St\u00e4rke und Frequenz zur gezielten Behandlung.<\/p>\n<p><span style=\"color: #33cccc;\"><a href=\"http:\/\/orthopaedie-kulmbach.de\/?page_id=1227&amp;preview=true\"><strong><span style=\"color: #33cccc;\"><span style=\"color: #008080;\">Traktions- und Dekompressionstherapie<\/span><\/span><\/strong><\/a><\/span><span style=\"color: #008080;\">,<\/span> computergesteuert, ideal f\u00fcr akute und chronische Bandscheibensch\u00e4den (Vorfall, Vorw\u00f6lbung), &#8222;Hexenschu\u00df&#8220;, aktivierte H\u00fcftarthrosen, Entlastung durch Dehnung (wie es die Natur auch nachts im Liegen macht)<\/p>\n<p style=\"text-align: justify;\">Salben<span style=\"color: #008080;\"><strong>verb\u00e4nde<\/strong><\/span>, Tape-Verb\u00e4nde (z.B. zur verk\u00fcrzten Behandlung bei Finger- und Zehenbr\u00fcchen, Sehen- und Muskelverletzungen), Quark- und Krautwickel, Gips-Verb\u00e4nde bis hin zum klassischen und sehr effektiven Zinkleimverband bei Gelenkschwellungen.<\/p>\n<p>Klassische <strong><span style=\"color: #008080;\">W\u00e4rme- und K\u00e4lte<\/span><\/strong>packungen, &#8222;reine Natur&#8220;<\/p>\n","protected":false},"excerpt":{"rendered":"<p>Prinzipiell ist z.B. der Begriff Naturheilkunde weit verbreitet. Man macht sich aber selten die M\u00fche, dar\u00fcber nachzudenken, welche Verfahren direkt aus der Natur abgeleitete Ph\u00e4nomene zur Behandlung nutzen. &#8222;Nat\u00fcrlich&#8220; sind z.B. alle Methoden der Massage, Gymnastik und Bewegung, sozusagen von &hellip; <a href=\"http:\/\/orthopaedie-kulmbach.de\/?page_id=358\">Weiterlesen <span class=\"meta-nav\">&rarr;<\/span><\/a><\/p>\n","protected":false},"author":1,"featured_media":0,"parent":54,"menu_order":0,"comment_status":"closed","ping_status":"open","template":"","meta":[],"_links":{"self":[{"href":"http:\/\/orthopaedie-kulmbach.de\/index.php?rest_route=\/wp\/v2\/pages\/358"}],"collection":[{"href":"http:\/\/orthopaedie-kulmbach.de\/index.php?rest_route=\/wp\/v2\/pages"}],"about":[{"href":"http:\/\/orthopaedie-kulmbach.de\/index.php?rest_route=\/wp\/v2\/types\/page"}],"author":[{"embeddable":true,"href":"http:\/\/orthopaedie-kulmbach.de\/index.php?rest_route=\/wp\/v2\/users\/1"}],"replies":[{"embeddable":true,"href":"http:\/\/orthopaedie-kulmbach.de\/index.php?rest_route=%2Fwp%2Fv2%2Fcomments&post=358"}],"version-history":[{"count":14,"href":"http:\/\/orthopaedie-kulmbach.de\/index.php?rest_route=\/wp\/v2\/pages\/358\/revisions"}],"predecessor-version":[{"id":1407,"href":"http:\/\/orthopaedie-kulmbach.de\/index.php?rest_route=\/wp\/v2\/pages\/358\/revisions\/1407"}],"up":[{"embeddable":true,"href":"http:\/\/orthopaedie-kulmbach.de\/index.php?rest_route=\/wp\/v2\/pages\/54"}],"wp:attachment":[{"href":"http:\/\/orthopaedie-kulmbach.de\/index.php?rest_route=%2Fwp%2Fv2%2Fmedia&parent=358"}],"curies":[{"name":"wp","href":"https:\/\/api.w.org\/{rel}","templated":true}]}}